- 21. Let d = -99 + 99. Suppose -13*y + 1403 - 428 = d. Calculate the highest common factor of r and y.
3
Suppose -247 = -13*a - 6*a. Suppose -a*o = -10*o - 12. Calculate the greatest common divisor of 2 and o.
2
Let q(i) = 17*i - 19. Let r be q(1). Let k be r - ((-4)/(-5))/(4/(-140)). Calculate the greatest common divisor of k and 26.
26
Suppose -9 = -b + 4*l, 0 = 7*b - 4*b - l - 71. Suppose 4*m = u + 92, u = 8*m - 3*m - 114. Let o = b - m. What is the greatest common factor of o and 1?
1
Let p(y) be the first derivative of 3*y**4/4 + 2*y**3 - 2*y**2 + 14*y - 32. Let g be p(4). What is the highest common factor of 26 and g?
26
Let i be (2 - 7)/(-5)*-9. Let t(v) = 4*v + 48. Let n be t(i). Calculate the greatest common factor of n and 48.
12
Suppose 0 = -i + 3*a + 21, 4*i - a - 3*a = 68. Let q = -6257 - -6272. Calculate the highest common divisor of i and q.
15
Let s be (-3)/((-10)/(-5) + -3). Suppose -4*f - 3*g - 19 = -155, 3*f = -s*g + 102. Calculate the highest common divisor of 136 and f.
34
Let p be (7*10/6)/((-39)/(-351)). Calculate the highest common divisor of p and 875.
35
Let t(z) be the third derivative of z**6/120 - 17*z**4/8 + z**3/3 - 7*z**2 - 9. Let w be t(-7). Calculate the highest common divisor of w and 8.
8
Let v be (-55)/(-2)*(-22)/(-110)*-4*-122. What is the highest common divisor of 11 and v?
11
Suppose -3*s + 2*f = -390, 247 = 3*s - 4*f - 149. Suppose 0 = 10*m - 2208 + s. Calculate the highest common factor of 13 and m.
13
Let f(n) be the first derivative of 5*n**2/2 - 44*n + 34. Let x be (4 - (4 + -11)) + 0. Let g be f(x). Calculate the greatest common divisor of g and 11.
11
Let d be (-13053)/(-458)*(-5)/(-3)*(-8)/(-10). Suppose -1956 = -2*t + 20. What is the highest common divisor of d and t?
38
Suppose -20*i = 4*i - 241 - 5375. What is the highest common factor of i and 104?
26
Let s = -12936 + 12946. Calculate the highest common divisor of 145 and s.
5
Suppose 291*s = 262*s + 6061. Calculate the greatest common factor of s and 95.
19
Suppose 3*q = 538 - 34. Let c = 9766 - 9745. What is the highest common divisor of c and q?
21
Let l be ((-1)/3)/(32/(-576)). Let b be 1/(48/152)*l. Calculate the highest common factor of 247 and b.
19
Suppose -84*p + 12676 + 21344 = 0. Calculate the highest common divisor of p and 486.
81
Let j be (0 - -98)/(((-350)/(-112))/25). Calculate the highest common factor of 176 and j.
16
Let p be (-13)/(-20)*5 - 2 - (-51121)/28. Calculate the highest common divisor of p and 203.
203
Suppose -t + 3*i + 525 = 0, -4*t - 3*i = t - 2589. Suppose t = 5*o - 1921. Let l = -338 + o. Calculate the greatest common divisor of 30 and l.
30
Suppose -2*s - 5*c + 168 = -1634, -4*c = 2*s - 1806. Suppose s = 5*i + q, 3*q - 319 = -4*i + 412. What is the highest common divisor of 28 and i?
14
Let w(f) = f + f**2 - 2*f + 5 + 4 - 7. Let j = -43 - -38. Let i be w(j). Calculate the highest common divisor of i and 80.
16
Let x = 140 + -56. Let l = -697 - -709. Suppose 5*f - 108 = -s, -9*s + l = f - 12*s. Calculate the greatest common factor of x and f.
21
Let u = -12613 - -12639. What is the highest common divisor of 1287 and u?
13
Suppose 76*c - 60*c - 240 = 0. Let m = 173 - 8. Calculate the greatest common factor of c and m.
15
Let h = -15485 - -15550. What is the highest common factor of 22295 and h?
65
Suppose -400 = 8*a - 294 - 250. Let s = 1 - -1. Suppose 10 = -s*m, -m + 141 = l - 4*m. What is the greatest common divisor of a and l?
18
Let d(r) = -74*r + 2102. Let m be d(23). What is the greatest common factor of 450 and m?
50
Let j(x) be the second derivative of 0 + 13/2*x**2 + 22*x + 5/6*x**3. Let n be j(0). What is the greatest common divisor of 52 and n?
13
Suppose 13*o - 378 = -o. Suppose 0*i + 348 = 2*i. Let y = i + -93. Calculate the highest common divisor of o and y.
27
Suppose d + 26 = -5*a - 2*d, 0 = -2*a + 3*d - 2. Let t be (42/a)/((-9)/6). Suppose t - 21 = -2*k. What is the highest common divisor of 7 and k?
7
Suppose -10 = -2*o + 5*b, -b - 16 = -o - 11. Suppose -91 - 2094 = -o*h. Calculate the highest common factor of 23 and h.
23
Suppose -5*s - 12*s = -18*s + 6. What is the highest common factor of 13326 and s?
6
Let k be 4/6 - (-83436)/153. What is the greatest common factor of 42 and k?
42
Let l(p) = -71 - 93 + 49 - 138 - 29 + 14*p. Let b be l(25). Calculate the highest common divisor of b and 51.
17
Let r = -184 - -211. Suppose 21*a = r*a - 672. Let k = -48 - -76. Calculate the highest common divisor of a and k.
28
Suppose -60*p + 56*p + 5*b + 136 = 0, -4*b = -2*p + 80. Let a(m) = -10*m**3 - 2*m**2 + m + 2. Let w be a(-2). Calculate the greatest common divisor of w and p.
24
Let o(f) = f**3 - 5*f**2 + 7*f - 2. Let i be o(5). Suppose -i*s + 40*s = 126. Suppose -36*z + 24 = -35*z. What is the highest common factor of z and s?
6
Let o = -172 + 202. Let s be 5 + (207/12 - o/(-40)). Calculate the greatest common divisor of 115 and s.
23
Let r(k) = 169*k - 2584. Let i be r(16). What is the highest common factor of 39 and i?
3
Let y = 391 - 426. Let w be (-70)/(-3)*((-195)/y + -3). Calculate the greatest common divisor of 100 and w.
20
Let d = 50 + 40. Suppose -36*o - 19*o = -2970. What is the greatest common factor of o and d?
18
Let r be 1/(1/(-30))*6/(-12). Suppose -12 = r*b - 18*b. Suppose -b = -4*x + o, -3*o - o + 16 = 0. Calculate the highest common divisor of x and 16.
2
Let n be (-8)/10*(-325)/20. Calculate the highest common factor of 2938 and n.
13
Let u be (12/9)/(120021/1188 + -101). Let c be 0 + 288/(1 + 1). Calculate the highest common factor of u and c.
48
Suppose 4*z = -2*r + 6, -4*r + 0*z + 5*z = 1. Suppose 96876*f - 96864*f - 204 = 0. What is the highest common factor of f and r?
1
Let q(i) = -384*i + 100. Let d be q(0). Calculate the highest common divisor of 1670 and d.
10
Let o be 5 + -7 - (-286 + -1). Suppose c = -5*b - 4*c + o, -2*b + 3*c = -89. Let u = -28 + b. What is the highest common divisor of u and 16?
8
Suppose 5*y - 244 = 2*b, b + 8*y = 7*y - 129. Suppose -2*n + 5*n + 579 = 0. Let i = b - n. Calculate the greatest common divisor of i and 44.
22
Suppose 0 = -2*t + 4*s + 18, -3*t - 73*s + 7 = -69*s. Suppose -o + 30 = -5*i, 2*o + 3*i = -0*o + 125. What is the greatest common divisor of o and t?
5
Let z be 3*-1*(3 + -2) + 13. Let i be z*(-30)/5*4/(-8). Suppose 70 = p - i. Calculate the highest common divisor of p and 40.
20
Let s(a) = -a**2 - 38*a - 144. Let j be -39 - 7/(-14)*14. Let u be s(j). What is the greatest common divisor of u and 768?
48
Let v(t) be the first derivative of -12 + 17*t - 5/2*t**2 + 1/3*t**3. Let p be v(5). What is the greatest common factor of p and 119?
17
Suppose -4*w - 3*s - 197 = 374, -2*w - 4*s - 298 = 0. Let f = -41 - w. What is the highest common factor of f and 168?
14
Let v = 278 - 138. Let u(k) = -5*k + 105. Let s be u(13). What is the greatest common divisor of s and v?
20
Suppose 4*i = l - 195, 84*i + 405 = 2*l + 81*i. Suppose -4*t + 14 = -78. What is the highest common factor of l and t?
23
Suppose 563*q - 160*q + 2601 = 54991. Calculate the greatest common factor of q and 565.
5
Let c(y) = -116*y - 76. Let w be c(17). Let i be w/(-40) + 12/15. Calculate the greatest common divisor of i and 4.
4
Let l(u) = 901*u - 13696. Let c be l(16). Calculate the highest common factor of 1305 and c.
45
Suppose k + 4*q + 2 = 0, -2*k - 11 = -q - 7. Let b be 6210/81 + 1/(3/k). Calculate the greatest common divisor of b and 532.
76
Suppose 0 = 13*h - 0*h + 39. Let f be (19/h)/((-5)/30). What is the greatest common factor of 114 and f?
38
Let m(l) = -46*l**3 + 10*l**2 - 16*l - 68. Let u be m(-5). Calculate the greatest common divisor of u and 9.
9
Let g(d) = -d**2 - 11*d + 1. Let o be g(-14). Let j = -42 - o. Let z be ((-14)/(-8) + j)/((-13)/(-1248)). What is the highest common factor of 9 and z?
9
Suppose -q = -r + 29, 5*q + 14 = -3*r + 77. Suppose 6*f - 118 - r = 0. What is the highest common factor of f and 60?
12
Suppose -185 = -i + 3*z, 5*i - 7*z - 975 = -2*z. Suppose -34*v = -10*v - 192. What is the greatest common divisor of i and v?
8
Suppose 0 = -277*m + 223*m + 59346. What is the greatest common factor of 471 and m?
157
Let b = 147 + -140. Suppose -b*g = -3*g - 408. What is the highest common divisor of g and 255?
51
Let k = 22 - 15. Suppos